nd 11.
11
Suppose 0*l + 3 = -l. Let z = 13 + l. Calculate the greatest common divisor of 100 and z.
10
Suppose -918 = -4*z - 5*z. What is the greatest common factor of 12 and z?
6
Suppose -8*z - 80 = -13*z. Let n(f) = -f**3 + f - 1. Let y be n(-2). Suppose -2*q - 400 = -5*m - y*q, 3*q = 0. Calculate the greatest common divisor of z and m.
16
Suppose 0 = -0*o + 2*o - 8. Suppose -24 = -o*z + 96. Let g be ((-15)/2)/(3/(-8)). Calculate the greatest common factor of z and g.
10
Let k(y) = y**3 + y**2 - y - 2. Let p be k(0). Let x be -1*17*(-3 - p). Let i(c) = -23*c - 2. Let o be i(-6). Calculate the greatest common divisor of o and x.
17
Let r(v) = -3*v**3 - 3*v**2 + v - 2. Let f be r(-3). Let p(m) = -m**3 + 7*m**2 - m + 14. Let s be p(7). Calculate the greatest common factor of f and s.
7
Let k = -29 - -53. Suppose -d + 10 = 2. What is the greatest common factor of d and k?
8
Let i be 2 + -1 - (-1 - 3). Let h be 152 - 0/(2 - i). Let q = h + -80. What is the greatest common factor of 9 and q?
9
Suppose -3*j + 17 = 3*d - 8*j, 2*j = d - 5. Let a = -96 - -99. Calculate the greatest common divisor of a and d.
3
Suppose 17*x = 15*x + 144. Suppose -6*j + 2*j + x = 0. What is the greatest common divisor of 6 and j?
6
Let i(h) = 2*h**2 - h + 2. Let d be i(5). Suppose -2*a - 10 = -2*b, 5*b + 5*a - d = b. What is the highest common divisor of 12 and b?
4
Let x be (-5)/10 - 17/(-2). Suppose c = -x + 26. Let o be (-18*1)/(1/(-3)). What is the highest common factor of o and c?
18
Let t = -1 - -1. Suppose t = -3*x - i + 23 + 48, -x - i + 27 = 0. Let m be (1 + 0)/((21/(-165))/(-7)). What is the highest common divisor of x and m?
11
Let f be ((-30)/(-5))/(6/8). Let m be (-1 - 1)*(-4 - -2). Suppose 0*p + 2*p = -f, h - 38 = m*p. What is the highest common divisor of h and 2?
2
Let d be 2 + -5 - -3 - -2. Suppose -4*a + 0*a + 5*w + 458 = 0, d*a + 4*w - 216 = 0. Calculate the greatest common divisor of 16 and a.
16
Suppose 32 = -0*h + 8*h. Calculate the greatest common divisor of 28 and h.
4
Suppose 8 = 2*r + 2. Suppose 2*z - 27 = r. Calculate the greatest common factor of 90 and z.
15
Let m(t) = t**3 - 8*t**2 + 9*t - 5. Let g be m(7). Suppose -2*b - 3*b = -90. Let n be 2/(40/b - 2). Calculate the greatest common divisor of g and n.
9
Let z be (-5 - 1)/(0 - 2). Suppose z*v + v = 104. What is the highest common divisor of v and 234?
26
Let j be (-3)/(4/6*(-99)/44). Calculate the highest common factor of j and 8.
2
Let y(g) = -8 + 11*g + 8*g + 13*g - 7*g. Let c be y(4). Calculate the greatest common divisor of c and 23.
23
Suppose a + a = 104. Let h = 96 - a. Let n be 11/((0 - 0) + 1). Calculate the greatest common factor of h and n.
11
Suppose -2*g - 30 = -3*g. What is the highest common factor of g and 60?
30
Let p = -17 + 26. Let t(v) = -v + 1. Let m be t(p). Let q be 402/8 + 2/m. Calculate the highest common factor of 10 and q.
10
Suppose d + 44 - 152 = 0. Calculate the highest common factor of 18 and d.
18
Let f = 7 - -3. What is the highest common factor of f and 90?
10
Let j = 7 + 8. Let m = 211 - 46. What is the greatest common divisor of j and m?
15
Suppose 2*g + 2*g = 80. What is the highest common factor of 5 and g?
5
Let m = -13 - -20. Calculate the greatest common divisor of m and 49.
7
Suppose -a + 144 = 2*a. Calculate the greatest common factor of a and 12.
12
Let v(x) = 8*x**3 - x**2 + x. Let g be v(1). What is the highest common divisor of 24 and g?
8
Suppose -18 = 8*g - 9*g. Calculate the highest common divisor of 12 and g.
6
Let z be 8*(-1 - (-18)/4). What is the greatest common divisor of z and 7?
7
Let r(l) = -l**3 + 5*l**2 + l - 2. Let x be r(5). Suppose 0 = 2*p + p + 4*n - 15, 4*p - x*n = 20. What is the greatest common divisor of p and 20?
5
Suppose 5*f = 373 - 23. Calculate the greatest common divisor of f and 14.
14
Let w(n) = 2*n - n + n - 6. Let l be w(8). Calculate the greatest common divisor of l and 90.
10
Suppose 5*y - 5*a = 295, -4*y + 5*a + 239 = -0*y. Let m(g) = g + 17. Let q be m(-10). What is the highest common factor of q and y?
7
Suppose -2*j + 6*j - 4 = 0. Suppose 5*r + j = 21. Suppose -4*p + 9*p + b - 167 = 0, -r*b + 173 = 5*p. What is the greatest common factor of 22 and p?
11
Let w(u) = -u**3 + 8*u**2 - 16*u + 28. Let o be w(6). What is the highest common divisor of 92 and o?
4
Let o = 37 - 17. Let d = -13 + o. Calculate the greatest common divisor of 77 and d.
7
Let f(o) = -2*o + 1. Let d be f(-2). Suppose -3*i + d = -7. Calculate the highest common divisor of i and 1.
1
Suppose -6 = -4*n + n. Suppose 5*w - n = x, -w + 4 = x - 0. Let g(l) = 18*l. Let p be g(w). What is the highest common factor of p and 12?
6
Suppose -5*y + y + 24 = 0. Let b be (-7)/((-21)/y) + 1. What is the greatest common divisor of 9 and b?
3
Let c = -5 + 14. Suppose -5*g + 425 - 77 = 3*o, -4*o = g - 56. Calculate the highest common divisor of g and c.
9
Suppose 2*o = -w + 5*o + 18, 10 = 5*o. Suppose -4*z = -8 - 4. Calculate the greatest common divisor of z and w.
3
Let b = 85 - 35. Let g = b - 36. Let p(s) = -s**3 + 16*s**2 - 19*s - 14. Let m be p(14). What is the highest common divisor of m and g?
14
Let j(n) = -n**3 - n**2 + 25. Let x be j(0). Calculate the greatest common factor of 10 and x.
5
Let u be (-2 + -1)*(-10)/(-15). Let b = 5 + u. Let t = -2 + 5. Calculate the highest common factor of t and b.
3
Let n(o) = -o**3 - 4*o**2 + 5*o + 3. Let k be n(-5). Let i be k + -2 + (-2 - -2). Calculate the highest common divisor of i and 1.
1
Let f be (-8)/60 + (-2314)/(-30). Calculate the highest common factor of 11 and f.
11
Suppose 8 = 7*c - 3*c. Suppose t = 1 + c. Calculate the greatest common factor of 3 and t.
3
Let f = 28 + -10. Suppose -92 - 38 = 5*c. Let m = -24 - c. What is the greatest common divisor of m and f?
2
Let u be (-4)/18 + (-158)/18. Let v be (6/u)/(2/(-6)). Let i = v + 1. Calculate the highest common factor of i and 24.
3
Let c be (0 + 1)*(24 - -3). Let p = c - -2. Let b = 49 - p. What is the greatest common divisor of b and 50?
10
Suppose 0*b + 2*b - 48 = 0. Suppose -h + 7 = 2*d, -17 = -3*h - 2*d + b. What is the highest common divisor of 136 and h?
17
Suppose 2*z + 12 = 6*z. Let v = 1 + -1. Suppose -q - 5 + 29 = v. What is the highest common factor of q and z?
3
Suppose -323 - 181 = -9*c. Calculate the highest common factor of 8 and c.
8
Suppose -5*y + 2*h = -17, -9 = -3*y - 3*h + 18. Let u = -3 + y. Suppose 0 = u*o + 3*x + 2 - 20, -2*x + 5 = -o. Calculate the highest common factor of 24 and o.
3
Let u(i) = -i**3 - 4*i**2 - i - 3. Let p be u(-4). What is the greatest common factor of 2 and p?
1
Let l be 20 - (0 + -1 - -1). Let q = 159 - 154. Calculate the greatest common divisor of l and q.
5
Let s(f) = f**2 - 12*f + 1. Let j be s(12). Let i = -5 + j. Let a be 2/i*-10 + 3. Calculate the highest common factor of a and 56.
8
Let b(p) = p**2 - 6*p - 6. Let t be b(7). Suppose -4*j - 5*x + t + 8 = 0, 3*j = -2*x + 12. Suppose 2*m = 6*m - 24. What is the highest common factor of m and j?
6
Let z be (2/6)/((-6)/(-90)). Calculate the highest common divisor of 1 and z.
1
Let a be (2 + 1*-1)*5. Let v be 7 - 7 - (-1 - 1). Suppose -4*q = n - 3, -18 = -2*n - v*q - 2*q. What is the greatest common factor of a and n?
5
Suppose -3*a + 454 = 2*a + 2*u, 6 = -2*u. Suppose -j - 49 = -3*f - 2*j, 4*j = 4*f - a. Calculate the greatest common divisor of f and 54.
18
Let t = 130 - 84. Let j be (1 + -116)*(-2 + 1). What is the highest common divisor of j and t?
23
Let a(c) be the first derivative of c**4/4 + 4*c**3/3 - 3*c**2 - 6*c + 5. Let y be a(-4). Calculate the greatest common divisor of y and 18.
18
Suppose -4 = -h - 2. Let n be ((-6)/4)/(h/(-36)). Let c = n - 18. Calculate the greatest common divisor of 9 and c.
9
Let b be 762/9 - -3 - 2/(-6). What is the greatest common factor of 44 and b?
44
Suppose -61 = -2*u + 23. What is the greatest common factor of 28 and u?
14
Let j = 240 + -140. Calculate the highest common factor of j and 25.
25
Suppose 2*x + 2*o - 12 = 4, 2*x - 2*o = -4. Let h be 96/(-10)*(-40)/x. Let v = 49 - 33. What is the greatest common divisor of v and h?
16
Let w(r) = -r**2 - 4*r + 1. Let v be w(-3). Suppose -3*z + 17 - 2 = 0. Suppose -z*a + 7 = 2. What is the highest common factor of a and v?
1
Let c = 31 + -46. Let d be (-183)/c - 1